hat is the remainder when 678 is divided by 151?
74
Calculate the remainder when 33 is divided by 20.
13
What is the remainder when 599 is divided by 76?
67
What is the remainder when 585 is divided by 30?
15
What is the remainder when 27 is divided by 7?
6
Calculate the remainder when 96 is divided by 51.
45
What is the remainder when 1168 is divided by 33?
13
Calculate the remainder when 169 is divided by 79.
11
What is the remainder when 106 is divided by 73?
33
Calculate the remainder when 2477 is divided by 92.
85
What is the remainder when 122 is divided by 32?
26
Calculate the remainder when 143 is divided by 30.
23
Calculate the remainder when 113 is divided by 8.
1
What is the remainder when 119 is divided by 20?
19
What is the remainder when 385 is divided by 115?
40
What is the remainder when 378 is divided by 185?
8
What is the remainder when 1010 is divided by 114?
98
Calculate the remainder when 517 is divided by 487.
30
Calculate the remainder when 352 is divided by 49.
9
What is the remainder when 74 is divided by 30?
14
Calculate the remainder when 1439 is divided by 288.
287
What is the remainder when 174 is divided by 18?
12
What is the remainder when 471 is divided by 11?
9
What is the remainder when 1246 is divided by 28?
14
What is the remainder when 429 is divided by 62?
57
What is the remainder when 5240 is divided by 19?
15
Calculate the remainder when 155 is divided by 23.
17
What is the remainder when 245 is divided by 84?
77
What is the remainder when 145 is divided by 37?
34
What is the remainder when 123 is divided by 26?
19
Calculate the remainder when 5749 is divided by 5746.
3
What is the remainder when 304 is divided by 20?
4
What is the remainder when 441 is divided by 55?
1
Calculate the remainder when 91 is divided by 19.
15
Calculate the remainder when 184 is divided by 47.
43
What is the remainder when 2904 is divided by 57?
54
Calculate the remainder when 118 is divided by 25.
18
Calculate the remainder when 157 is divided by 9.
4
What is the remainder when 222 is divided by 2?
0
What is the remainder when 880 is divided by 42?
40
Calculate the remainder when 795 is divided by 74.
55
Calculate the remainder when 439 is divided by 31.
5
Calculate the remainder when 1458 is divided by 119.
30
What is the remainder when 128 is divided by 11?
7
What is the remainder when 1539 is divided by 31?
20
What is the remainder when 1390 is divided by 16?
14
What is the remainder when 352 is divided by 92?
76
Calculate the remainder when 88 is divided by 46.
42
Calculate the remainder when 389 is divided by 28.
25
What is the remainder when 30 is divided by 19?
11
What is the remainder when 441 is divided by 74?
71
What is the remainder when 1300 is divided by 164?
152
What is the remainder when 1389 is divided by 155?
149
Calculate the remainder when 7103 is divided by 2364.
11
Calculate the remainder when 59 is divided by 16.
11
Calculate the remainder when 261 is divided by 22.
19
What is the remainder when 41689 is divided by 379?
378
Calculate the remainder when 3683 is divided by 12.
11
What is the remainder when 206 is divided by 194?
12
Calculate the remainder when 354 is divided by 108.
30
What is the remainder when 299 is divided by 107?
85
Calculate the remainder when 191 is divided by 4.
3
What is the remainder when 2026 is divided by 29?
25
What is the remainder when 1919 is divided by 36?
11
Calculate the remainder when 130 is divided by 46.
38
What is the remainder when 284 is divided by 189?
95
What is the remainder when 371 is divided by 183?
5
What is the remainder when 800 is divided by 19?
2
What is the remainder when 84 is divided by 25?
9
Calculate the remainder when 148 is divided by 78.
70
Calculate the remainder when 193 is divided by 22.
17
Calculate the remainder when 298 is divided by 148.
2
What is the remainder when 37 is divided by 21?
16
Calculate the remainder when 166 is divided by 57.
52
What is the remainder when 1296 is divided by 33?
9
Calculate the remainder when 88 is divided by 61.
27
What is the remainder when 217 is divided by 6?
1
Calculate the remainder when 194 is divided by 10.
4
Calculate the remainder when 65 is divided by 50.
15
What is the remainder when 646 is divided by 62?
26
What is the remainder when 1863 is divided by 6?
3
Calculate the remainder when 725 is divided by 53.
36
Calculate the remainder when 1813 is divided by 900.
13
What is the remainder when 1492 is divided by 294?
22
What is the remainder when 2351 is divided by 2347?
4
Calculate the remainder when 24 is divided by 16.
8
What is the remainder when 245 is divided by 125?
120
Calculate the remainder when 563 is divided by 391.
172
Calculate the remainder when 294 is divided by 107.
80
What is the remainder when 2200 is divided by 19?
15
Calculate the remainder when 191 is divided by 52.
35
What is the remainder when 1361 is divided by 171?
164
Calculate the remainder when 1215 is divided by 174.
171
Calculate the remainder when 62 is divided by 8.
6
What is the remainder when 157 is divided by 9?
4
What is the remainder when 29 is divided by 16?
13
What is the remainder when 295 is divided by 98?
1
Calculate the remainder when 39 is divided by 21.
18
What is the remainder when 250 is divided by 14?
12
What is the remainder when 1488 is divided by 125?
113
What is the remainder when 97 is divided by 22?
9
Calculate the remainder when 109 is divided by 9.
1
Calculate the remainder when 10894 is divided by 8.
6
Calculate the remainder when 6182 is divided by 685.
17
Calculate the remainder when 279 is divided by 70.
69
What is the remainder when 94 is divided by 72?
22
Calculate the remainder when 146 is divided by 54.
38
Calculate the remainder when 7169 is divided by 163.
160
Calculate the remainder when 29 is divided by 16.
13
What is the remainder when 15225 is divided by 112?
105
What is the remainder when 607 is divided by 122?
119
Calculate the remainder when 9924 is divided by 77.
68
What is the remainder when 580 is divided by 8?
4
Calculate the remainder when 741 is divided by 24.
21
What is the remainder when 594 is divided by 46?
42
What is the remainder when 574 is divided by 105?
49
Calculate the remainder when 349 is divided by 30.
19
Calculate the remainder when 174 is divided by 41.
10
What is the remainder when 16369 is divided by 17?
15
Calculate the remainder when 2266 is divided by 104.
82
What is the remainder when 524 is divided by 262?
0
Calculate the remainder when 21176 is divided by 39.
38
Calculate the remainder when 3208 is divided by 104.
88
What is the remainder when 510 is divided by 128?
126
Calculate the remainder when 2619 is divided by 23.
20
What is the remainder when 290 is divided by 61?
46
What is the remainder when 234 is divided by 61?
51
What is the remainder when 155 is divided by 3?
2
Calculate the remainder when 191 is divided by 48.
47
What is the remainder when 269 is divided by 257?
12
Calculate the remainder when 1215 is divided by 122.
117
What is the remainder when 41513 is divided by 107?
104
Calculate the remainder when 249 is divided by 23.
19
Calculate the remainder when 93 is divided by 12.
9
Calculate the remainder when 425 is divided by 175.
75
Calculate the remainder when 248 is divided by 33.
17
Calculate the remainder when 164 is divided by 34.
28
What is the remainder when 590 is divided by 17?
12
Calculate the remainder when 652 is divided by 52.
28
What is the remainder when 534 is divided by 27?
21
Calculate the remainder when 137 is divided by 9.
2
Calculate the remainder when 173 is divided by 16.
13
What is the remainder when 185 is divided by 84?
17
What is the remainder when 24 is divided by 11?
2
What is the remainder when 169 is divided by 10?
9
What is the remainder when 350 is divided by 59?
55
Calculate the remainder when 509 is divided by 135.
104
Calculate the remainder when 367 is divided by 64.
47
Calculate the remainder when 260 is divided by 33.
29
Calculate the remainder when 3597 is divided by 16.
13
Calculate the remainder when 173 is divided by 55.
8
Calculate the remainder when 356 is divided by 24.
20
Calculate the remainder when 630 is divided by 32.
22
Calculate the remainder when 1594 is divided by 133.
13